tive of v(r). Let k = 6 - 3. Determine a(k).
2
Let t be 4 - 8 - -7 - (-3 + -2). Let n(u) be the third derivative of -u**5/60 + 5*u**4/12 - 3*u**3/2 - 2*u**2. Give n(t).
7
Let f(q) be the first derivative of -q**3 - q**2/2 + 2*q + 153. What is f(-2)?
-8
Let w be 7*(-3)/(-3) + -2. Let o(a) = -5*a + 2. Let j(f) = -4*f + 2. Let d(y) = w*o(y) - 6*j(y). Determine d(-6).
4
Let g(x) = -x**2 + 8*x. Let a be g(8). Suppose 2*c + 5*t - 8 = a, 2*c - 8 = -6*t + 5*t. Let v(k) = k**2 - k - 2. What is v(c)?
10
Let j(v) = -9*v + 1. Let z be 6/14 + 4/7. Give j(z).
-8
Let r(b) = -b**3 - 3*b**2 + 4*b - 1. Let g = 3 - 7. Let d = -2 - g. Suppose -3*j - 4 = -d*j. Determine r(j).
-1
Let w(i) be the third derivative of i**4/12 - 3*i**3 + 422*i**2. Give w(8).
-2
Let o = 9 - 9. Suppose j - 3*i - 18 = o, -4*j + 0*i + 2 = 2*i. Let v(c) = 2*c**3 - c**j + 0*c**3 - 6*c**2 + 2*c. Determine v(6).
12
Let k(j) = -4*j - 8. Let n(i) = -12*i - 28. Let g(p) = 10*k(p) - 3*n(p). Calculate g(4).
-12
Let c(y) = y**2 + 3*y - 8. Suppose m = -0*q - 4*q + 11, -4*m = -2*q + 28. Determine c(m).
2
Suppose 43*l - 81 + 468 = 0. Let u(j) = -j**2 - 9*j - 6. Give u(l).
-6
Let f(r) be the third derivative of 1/120*r**5 + 0*r + 0 - 1/6*r**3 + 0*r**4 + r**2. Let j(t) be the first derivative of f(t). Give j(0).
0
Let o(f) = -3*f + 13. Let i = 3 - 2. Let q(a) = a - 1. Let c(j) = i*o(j) + 6*q(j). Give c(-7).
-14
Let c(a) be the second derivative of -18*a + 1/2*a**3 + 0 + 1/2*a**2. Calculate c(1).
4
Let l(p) = p**3 + 21*p**2 + 3*p + 53. Let s be l(-21). Let n(x) = x**2 + 11*x + 14. Give n(s).
4
Let y(q) = -q**3 + 9*q**2 - 9*q + 3. Let o = -44 - -36. Let v be o/10 + (-572)/(-65). Determine y(v).
-5
Suppose 4*c - 5*d - 121 = 0, -2*d - 34 = -0*c - c. Let w(o) = 4*o - 26*o**2 + 3*o + 5 + c*o**2. Give w(6).
-25
Suppose 2*m + 2 = -4*q, -2*q + 3*q + 3*m - 7 = 0. Let r(f) = 1362 + 2*f + 0*f - 3*f**2 - 1363 - f**3. Give r(q).
-9
Let m(h) = h**3 + 8*h**2 + 8*h - 1. Let s = -257 + 251. Give m(s).
23
Let a be ((-3)/(1 + 2))/(-1). Suppose 3*z + 2 = s, 3*z - 3 = 5*s - a. Let k(c) = -4 + 2*c - 6*c + 5. What is k(z)?
5
Let i(m) be the first derivative of m**2/2 - 7*m - 1. Let l(f) = -1. Let d(n) = -i(n) + 6*l(n). Suppose -5*z - 1 = -31. Determine d(z).
-5
Suppose 3*q + 8 = 17. Let n(l) = l**q - 1 + 7*l**2 - 5*l**2 - 3 - 3*l. Determine n(-3).
-4
Let m(n) be the second derivative of -n**6/360 - n**5/40 - 7*n**4/6 - 14*n. Let u(k) be the third derivative of m(k). Suppose -6*g - 8 = -2*g. What is u(g)?
1
Let l(c) = -c**3 + 5*c**2 + 7*c. Let u(k) = 3*k - 34. Let m be u(8). Let t be (168/165 - m/55)*5. What is l(t)?
6
Let k(y) = -7*y**3 - 11*y**2 - 4*y + 6. Let n(m) = 15*m**3 + 23*m**2 + 8*m - 13. Let x(j) = -13*k(j) - 6*n(j). Give x(-5).
-20
Let b(l) = 3*l**2 - l - 2. Suppose o - 24 = -0*v + 4*v, 3*v = 2*o - 23. Let x = 4 - 11. Let u = x - v. Give b(u).
12
Let t = -7 - -9. Let g be 1 - (4 - t - 0). Let q(y) = -y**2 - y - 1. Give q(g).
-1
Let s be (16/(-4) - -3)*-3. Let j(c) = s*c - 4*c - 3*c + 6 - 5. What is j(-3)?
13
Suppose -2*w = -8 - 6. Let x = 9 - w. Let u(j) = -9*j - x*j**2 + 0*j**2 + 3*j**2 + 2*j. Give u(6).
-6
Suppose -40*x + 33*x + 91 = 0. Let f(l) = -l**2 + 14*l - 12. Give f(x).
1
Suppose 241 + 47 = 3*p. Let j(x) = 2*x + 45 - p + 48. Let g = 0 + 2. What is j(g)?
1
Suppose 4*g + 28 = 4*b, -3*g + b = 4*b + 3. Let d be 81/63 + g/14. Let s(h) = -h**3 + 1 + 48*h**2 - h - 48*h**2. Determine s(d).
-1
Let a be 12/7 + 4/14. Let o(x) = x + 0 + a + 3. Let d be (-8)/14 - 4/(-7). Give o(d).
5
Let q(c) = 15*c**3 + 22*c**2 + 17*c - 2. Let j(s) = -7*s**3 - 11*s**2 - 8*s. Let o(n) = -13*j(n) - 6*q(n). Calculate o(-11).
-10
Let b = 37 - 33. Let r(o) = b + o**2 - 9*o - o - 2*o + o. Determine r(7).
-24
Let g(w) = w**2. Let f be g(1). Let l be 5*(-2 + 2 - f). Let y(c) = c + 1. Calculate y(l).
-4
Let d(g) be the first derivative of -g**4/4 + 5*g**3/3 + 2*g**2 + 7*g + 790. Let p be 19/3 - (-1)/(-3). Calculate d(p).
-5
Let f be ((-10)/(-10))/(6/18). Let h(y) be the third derivative of 0*y + 5/6*y**f - 1/24*y**4 + 8*y**2 + 0. Give h(7).
-2
Let x(f) be the second derivative of 2 - 1/2*f**4 + 3/2*f**3 + 5*f**2 + f - 1/20*f**5. Calculate x(-7).
-4
Let x(g) = -3*g - 19. Let h(k) be the third derivative of -k**4/12 - 5*k**3/3 - 9*k**2. Let s(m) = 5*h(m) - 3*x(m). Determine s(5).
2
Suppose -2*q - g + 2 = 3*g, -q + 5 = 4*g. Let n = 50 - 50. Let u(x) = 8*x**2 - 5*x**2 + 2*x + 2*x**2 + x**3 + n*x**2 - 1. What is u(q)?
11
Let p(w) = 2*w**2 - 5*w + 5. Suppose -n = -o - 0*n + 8, 0 = -2*o + n + 12. Suppose 1 = y - o. Calculate p(y).
30
Let z = -34 - -57. Let o = z + -17. Let m(j) = 2*j - 10. Let v(k) = 4*k - 21. Let i(q) = 5*m(q) - 2*v(q). Give i(o).
4
Let z(g) = 2*g - 36. Suppose 7*t + 204 = 351. What is z(t)?
6
Let d be 3 - ((-10)/8)/((-58)/232). Let s(p) = -5*p**2 - 2*p. Let f(w) = -4*w**2 - 2*w. Let t(l) = -3*f(l) + 2*s(l). Give t(d).
4
Let b(h) = -h**3 - 13*h**2 + h + 18. Let i be 10/(-65) + (-1169)/91. Determine b(i).
5
Let p(i) be the second derivative of -i**5/20 - 2*i**4/3 - i**3/6 - i**2 - 34*i. Calculate p(-8).
6
Let j(t) be the first derivative of -1/3*t**3 + 5/2*t**2 - 14 - 5*t. Give j(4).
-1
Suppose -4*x + 4*m = 0, m + 1 = -x + 3. Let b(k) = 5*k**2 - 2 + 10*k**3 - 9*k**3 - 2*k**2 + x + k. Let n = -19 - -16. Determine b(n).
-4
Let f(b) = -b + 26. Let p be f(11). Suppose z - 4*z = -p. Let d(u) = -2 - 2 + z + u**2. Calculate d(-2).
5
Let g(o) = -2*o**3 - 13*o**2 - 6*o + 7. Suppose -z = -5*j - 32, 5*z - 216 = -2*j - 218. What is g(j)?
7
Let k(g) = 5*g + 1. Let x(z) = -24*z - 10. Let s(j) = 6*k(j) + x(j). Determine s(2).
8
Let k(i) = 12*i**2 - 14*i + 6. Let c(p) = -5*p**2 + 5*p - 2. Let o(v) = 11*c(v) + 4*k(v). Calculate o(-2).
-24
Let p(y) = -y**2 - 18*y - 70. Let v be p(-11). Suppose q + 2*q - 3 = 0. Let u(r) = q + 0*r + 7 - r. Calculate u(v).
1
Let l(z) = -6*z**3 - z**2 + 3*z - 2. Suppose 0 = -4*s - 4*p + 4 + 4, -5*p = -5. What is l(s)?
-6
Let m(a) = -2*a**2 + 6*a - 4. Suppose 54*l - 58*l + 12 = 0. Determine m(l).
-4
Let k(y) = 3*y + 6. Suppose -48 = 9*d - 3*d. What is k(d)?
-18
Let r(t) = -3*t**3 + 5*t**2 - t + 3. Let h(b) = 7*b**3 - 10*b**2 + 2*b - 6. Let w(a) = -a**2 + 40. Let m be w(-6). Let q(o) = m*h(o) + 9*r(o). What is q(-5)?
8
Let d(g) = g**3 + 5*g + 4. Let m(u) = -4*u**2 - u**3 + 3*u**2 - 4 - 4 - 9*u. Let j(s) = -5*d(s) - 3*m(s). Give j(3).
-17
Let u(f) be the first derivative of -f**4/4 - 10*f**3/3 - 11*f**2/2 - 5*f - 506. Calculate u(-9).
13
Let m(l) be the first derivative of l**4/2 + 4*l**3/3 - 3*l**2/2 + l - 136. Give m(2).
27
Suppose 0 = d + 3*d - 12. Let g(y) = y**2 - 4*y**2 + 2*y - y**2 + d*y**2. What is g(3)?
-3
Suppose -k = 3*r - 3, 5*r - 23 = 2*k - 7. Let o(u) = 3*u**2 + 3*u - 4. What is o(r)?
14
Let j(i) be the first derivative of -i**2/2 - 6*i + 88. Calculate j(5).
-11
Let p(d) = -d**2 - d + 1. Let o(l) = -23*l**2 + l - 2. Let r(z) = o(z) - 4*p(z). Let f(i) = 56*i**2 - 14*i + 17. Let q(y) = 6*f(y) + 17*r(y). Give q(-1).
12
Let b(i) = i + 268 + 278 + 2*i - 555. Calculate b(6).
9
Let z(y) = -y - 4. Let j(h) = h + 3. Let d be j(-2). Let w be (d - -5)*2/6. Suppose w*r + 12 = -l, -l = 5*r + l + 32. Calculate z(r).
4
Suppose -4*c - 4 = y, 0 = 5*y - 0*c - 2*c - 90. Let b = y - 22. Let q(u) = -u**3 - 7*u**2 - 3*u + 8. Calculate q(b).
-10
Suppose -3*u + 5*a = 62, -5*u - 3*a = -2*a + 66. Let b = u - -8. Let g(y) = -y**2 - 8*y - 1. Calculate g(b).
11
Let t(n) be the first derivative of -2*n**3/3 - 11*n**2 + 30*n + 812. Calculate t(-12).
6
Let y(x) be the first derivative of -x**3/3 - 7*x**2 + 10*x + 251. Give y(-13).
23
Let p(l) = -l**3 - 6 - 12*l - 10*l**2 - l - 2*l + 3*l + 0. What is p(-9)?
21
Let m be -2 - (-1 + -8 + 3). Suppose 0 = 9*y - m*y + 25. Let r(o) = o**2 - 4 + 4*o - 7 + 4. Calculate r(y).
-2
Let l(t) = -7*t + 15*t + 6 - 8*t - 4*t + t**3 + 7*t**2. Calculate l(-8).
-26
Let s = 190 + -186. Let v(u) = u**3 - 3*u**2 - 2*u + 2. What is v(s)?
10
Let n(b) = -20*b - 20. Let o(a) = 6*a - 1 + 8 + a. Let c(p) = -5*n(p) - 14*o(p). Suppose 5*g = -3*t - 9, 0*t + 2*t = 2*g + 10. Calculate c(t).
6
Let s(i) = i**2 + i + 1. Let l be s(-2). Suppose l*b = -5 + 8. Suppose -2*n - q - 6 = -b, -3*q - 9 = 0. Let j(x) = 8*x**3 - x**2 + x + 1. Give j(n).
-9
Let j(r) = r**2 + 5*r - 9. Let x be j(-8). Suppose -45 + x = 6*t. Let s(f) = -f**3 -